 List the prime factors of s(1).
2
Let j be -1 + 3 + -2 + 4. Suppose 2*z - 4*n - 11 = 15, j*z = -3*n - 3. Suppose -g - z*g = 3*s - 235, 0 = s - 1. What are the prime factors of g?
2, 29
Let u(n) = 393*n**2 + 11*n - 5. What are the prime factors of u(3)?
5, 23, 31
Let r = 41 + -7. List the prime factors of ((-100)/6)/(r/(-30) + 1).
5
Suppose m - 20*k = -18*k + 852, -k + 4260 = 5*m. What are the prime factors of m?
2, 3, 71
Let x = 2073 + -1302. What are the prime factors of x?
3, 257
Suppose -5*n = a - 903, -a = 4*n - 0*a - 723. Let m = -125 + n. List the prime factors of m.
5, 11
Suppose 3*f = 3*y + 3294, 4*y + 5495 = 5*f - 0*y. List the prime factors of f.
1103
Suppose -5*p - 15 = 0, -6*i + 10*i + 3*p - 6227 = 0. List the prime factors of i.
1559
Suppose -36*b = -32*b + 508. Let x = -82 - b. What are the prime factors of x?
3, 5
Let s(f) be the first derivative of f**2/2 - 5*f - 13. List the prime factors of s(17).
2, 3
Suppose 4*b + 2*q + 296 = -844, 5*b + 1425 = -2*q. Let c = -84 - b. List the prime factors of c.
3, 67
Let v = -347 + 365. What are the prime factors of v?
2, 3
Let b be (0 - 3) + (16 - 10). Suppose 21 = -4*a - 2*l - 19, b = -a + 3*l. Let u = 37 - a. List the prime factors of u.
2, 23
Let c(g) = 2*g**2 - 12*g + 66. What are the prime factors of c(14)?
2, 5, 29
Suppose 142 + 608 = 2*q. List the prime factors of q.
3, 5
Let t(j) = 2*j + 16. Let q be t(-14). Let l(r) = -6*r + 10. List the prime factors of l(q).
2, 41
Let h = -243 + 79. Let s = h + 266. Let w = -73 + s. What are the prime factors of w?
29
Let w(v) = -2*v**3 - 6*v**2 - 18*v + 11. List the prime factors of w(-8).
3, 5, 53
Suppose -23*b + 41941 + 4749 = 0. List the prime factors of b.
2, 5, 7, 29
Let s(m) = m**2 + 3*m - 9. Let h be s(-4). Let l(p) = 4*p**2 + 10*p. Let j be l(h). Suppose 0 = -n + 6*n - j. List the prime factors of n.
2, 5
List the prime factors of (19089/(-6) + -9)*(-8)/6.
2, 3, 709
Let j(v) = v**3 - 3*v**2 + 5*v - 2. Let f be j(2). List the prime factors of 27/f + ((-11)/4 - -3).
7
Let y(q) = -q**2 + 3*q + 3. Let f be y(3). Suppose 5*h + f*h - 248 = 0. What are the prime factors of h?
31
Let l(i) = -i**3 + 4*i**2 + 10*i**2 - 6*i**2 + 17. What are the prime factors of l(7)?
2, 3, 11
Suppose 2*o - 200 = -38. Suppose 0 = -8*b + 111 + o. What are the prime factors of b?
2, 3
Suppose 0 = 4*y - 5720 - 2344. What are the prime factors of y?
2, 3, 7
Let a(s) = 2*s**2 - 25*s - 80. What are the prime factors of a(29)?
877
Let j be -4*(4/4 - 6/2). List the prime factors of (-62)/4*(-16)/j.
31
Let t be (1/(-2))/(2/(-12)). Let m(q) = -q**3 - 25*q**2 + 23*q - 53. Let l be m(-26). Suppose t*r - 7 = 4*s, 2*s - 5*r + l = 4. What are the prime factors of s?
2
Suppose 3*x + 146 = -5*m, 3*x = -2*m + x - 60. List the prime factors of (20/(-3))/(m/(-21) + -2).
2, 5
Suppose -4*b = 2*p - p - 315, 3*p = 5*b + 1030. What are the prime factors of p?
5, 67
Suppose 5*t + 2*r = 2575, -14*r = -t - 12*r + 503. List the prime factors of t.
3, 19
Let j(x) = -10*x - 2*x**2 - 15 - x**2 + x**2 + x**2. Let b be j(-6). What are the prime factors of 2009/35 + b/15?
2, 29
Suppose -4 - 1 = -r. Let k(t) = t**3 - 6*t**2 + 11*t - 6. What are the prime factors of k(r)?
2, 3
Let k = 42 + -32. List the prime factors of 966/k + 10/25.
97
Let x = -21 - -20. Let d be (x + -2 + 10)*1. Suppose y - 5*p = 0, -4*y - p + 14 = -d. What are the prime factors of y?
5
List the prime factors of 2705*11/220 - 6/(-8).
2, 17
Let s be (-7)/14*(-3 - 1). Suppose -76 = -5*t + 2*b, -46 = -s*t + 2*b - 12. List the prime factors of t.
2, 7
Let l = -17 - -19. Suppose -l*r + 43 = 2*p - 3*p, -2*r = 5*p - 61. List the prime factors of r.
23
List the prime factors of 2 + (-5 - 0) + 728.
5, 29
Suppose -2*p - 102 = -5*p. Suppose -7*h = 2*n - 2*h - 34, -2*n - 3*h = -p. What are the prime factors of n?
17
Let f be 4 + -2 + 1 + 0 - 27. List the prime factors of (-999)/(-6) - f/16.
2, 3, 7
Let f = 24 + -19. Suppose a - o = 5, f*a - 16 - 36 = -4*o. List the prime factors of a.
2
Suppose -4*o - 1 + 9 = 0. Suppose -57 = -o*k + 11. What are the prime factors of k?
2, 17
Let f = -30 + 34. Suppose 3*h + 0*x + 2*x - 261 = 0, 0 = -f*h + 3*x + 365. List the prime factors of h.
89
Let i = 39 - 34. Suppose -3*r + 308 = 3*h + 11, -i*h = -15. List the prime factors of r.
2, 3
Suppose -3*o - 1 + 19 = 0. Suppose 3*r = o*r + 6. List the prime factors of 14 - (1 - (r - 0)).
11
Suppose -7 = 4*h - 27. Let t(i) = 3*i**2 + 5*i + 3. What are the prime factors of t(h)?
103
Suppose 0 = -85*a + 13829 + 35811. List the prime factors of a.
2, 73
Suppose 7 - 104 = -p. What are the prime factors of p?
97
Suppose 2*x + 7*o = 10*o + 2342, 0 = -o + 4. What are the prime factors of x?
11, 107
Suppose 57*c - 8310 = 51*c. Suppose -4*v = v - c. What are the prime factors of v?
277
Suppose -84*f + 115848 = 33948. What are the prime factors of f?
3, 5, 13
Suppose 4*p = 6*p - 6. Suppose -p = 2*r - 11, f + r - 10 = 0. Suppose -132 = -0*t - f*t. What are the prime factors of t?
2, 11
Suppose -6*c + 2*c + 8221 = -n, -4128 = -2*c + 4*n. What are the prime factors of c?
2, 13, 79
Let z = -20 - -22. Suppose 5*w = 3*s - 38, s + 3*w = 2*w + 2. Suppose -t - z*t = -s. What are the prime factors of t?
2
Let t = 8086 - 4311. What are the prime factors of t?
5, 151
Let u be (2/10)/(2/30). Suppose -262 = -u*z - 43. What are the prime factors of z?
73
List the prime factors of 64/96 + 3122/6.
521
Let w be (4/6)/(4/6). Suppose 4*u + w = -7. What are the prime factors of (u/4)/((-4)/104)?
13
Suppose -34*i + 22*i = -8808. What are the prime factors of i?
2, 367
Let v = -661 - -1130. What are the prime factors of v?
7, 67
Let n(h) = -597*h**3 - 3*h**2 - 2*h + 2. Let c be n(-2). List the prime factors of 1/(-3) + c/54.
2, 11
Let m be (-2)/(-2) + 30/5. Let u = 17 - m. List the prime factors of (-116)/(-5) + (-2)/u.
23
Suppose 0 = 2*d - d - 1. Let n = -1 + d. Suppose 4*l = n, 5*l + 13 - 3 = 5*j. What are the prime factors of j?
2
Let y(z) = -2*z**3 + 4*z**2 - 2. List the prime factors of y(-5).
2, 3, 29
Let r(w) = 5 - 2 + 32*w**3 + 2*w - 4. Suppose 3*v + 2 = 5. What are the prime factors of r(v)?
3, 11
Suppose -4*s = -g - g + 190, s = g - 95. What are the prime factors of g?
5, 19
Suppose -8*a - 5*f + 14400 = -3*a, -8634 = -3*a - f. What are the prime factors of a?
3, 7, 137
Suppose 0 = -2*u - 10, 3*c = -4*u - 32 + 3. Let f(y) = 2*y. Let j(i) = 7*i + 3. Let n(l) = -f(l) - j(l). What are the prime factors of n(c)?
2, 3
Suppose -20*b + 28593 = -23347. List the prime factors of b.
7, 53
Let x(q) = 69*q + 0*q + 80*q. List the prime factors of x(1).
149
Suppose 29*a = 4473 + 4459. What are the prime factors of a?
2, 7, 11
What are the prime factors of (-11)/(2/(-46*3))?
3, 11, 23
Let o be ((-4)/(-2) - -1) + -64. Let u = 34 + o. List the prime factors of (-2)/9 + (-411)/u.
3, 5
Suppose -36*l + 13968 = -0*l. What are the prime factors of l?
2, 97
Suppose -466 = 12*f - 2206. What are the prime factors of f?
5, 29
Suppose 4*p = 5367 + 1545. What are the prime factors of p?
2, 3
Suppose 10*j - 229 = 6*j - d, 0 = j + 3*d - 49. Let h = 164 - j. What are the prime factors of h?
2, 53
Let g = 271 + 15. Suppose 0*r + 365 = 5*r - z, -4*r + 2*z + g = 0. List the prime factors of r.
2, 37
Suppose 11*r + 606 - 9230 = 0. List the prime factors of r.
2, 7
Let o = 475 - 138. What are the prime factors of o?
337
Let f(s) = -9*s + 149. What are the prime factors of f(-25)?
2, 11, 17
Let l = -13 - -21. Suppose -l*t = -4*t + 12. What are the prime factors of t - (2/(-1) + -28)?
3
What are the prime factors of (59 - -5311)*(2 - 1)?
2, 3, 5, 179
Let j = -50 - -48. What are the prime factors of ((-12)/9)/(j/255)?
2, 5, 17
Suppose -5*v + 129 + 121 = 0. Let h = 52 - v. What are the prime factors of h?
2
Suppose 3*n = 3*o - 33, 3*o - 5*n = -3*n + 28. Suppose 0*w = -5*w + 5*c + 190, 0 = 3*c + o. List the prime factors of w.
2, 3
Let i = 142 + 102. Let n = i + -171. What are the prime factors of n?
73
Let v = -1 - -1. Suppose v = -5*d - z + 5 + 9, 6 = 3*d + 3*z. List the prime factors of d.
3
Suppose z - 9 = -0*z. Suppose -42 = 8*u - z*u. List the prime factors of u.
2, 3, 7
Suppose 19*h - 2244 = 853. What are the prime factors of h?
163
Let o(j) be the third derivative of 6*j**2 + 1/3*j**3 + 1/20*j**5 + 0 + 0*j + 1/12*